{"id":3,"date":"2025-03-18T14:28:17","date_gmt":"2025-03-18T14:28:17","guid":{"rendered":"https:\/\/ecoduchacastellon.net\/?page_id=3"},"modified":"2025-04-24T14:37:17","modified_gmt":"2025-04-24T14:37:17","slug":"privacy-policy","status":"publish","type":"page","link":"https:\/\/ecoduchacastellon.net\/index.php\/privacy-policy\/","title":{"rendered":"Pol\u00edtica de Privacidad"},"content":{"rendered":"\n<h2 class=\"wp-block-heading\">Normas de utilizaci\u00f3n y responsabilidad<\/h2>\n\n\n\n<p>ECODUCHA, S.L. ofrece en su p\u00e1gina web informaci\u00f3n relacionada con el tipo de productos y\/o servicios que realiza, debiendo ser considerada la misma a modo de introducci\u00f3n.<\/p>\n\n\n\n<p>ECODUCHA, S.L. se reserva el derecho a actualizar, modificar o eliminar la informaci\u00f3n contenida en su p\u00e1gina web de forma unilateral, en cualquier momento y sin necesidad de preaviso alguno, pudiendo incluso limitar o no permitir el acceso a dicha informaci\u00f3n.<\/p>\n\n\n\n<p>ECODUCHA, S.L. . no se responsabiliza de los da\u00f1os y\/o perjuicios que pudieran derivarse como consecuencia del acceso, uso o mala utilizaci\u00f3n de los contenidos de la p\u00e1gina web.<\/p>\n\n\n\n<p>En caso de no estar conforme con los t\u00e9rminos y condiciones contenidos en el presente Aviso, le agradeceremos se abstenga de acceder a esta direcci\u00f3n o a cualquier p\u00e1gina o link de la misma. En caso de incumplimiento de lo aqu\u00ed establecido, el usuario ser\u00e1 responsable de los da\u00f1os y\/o perjuicios que pudieran derivarse, directa o indirectamente, para ECODUCHA, S.L..<\/p>\n\n\n\n<p>Por su parte, ECODUCHA, S.L. no ser\u00e1 responsable de cualquier da\u00f1o que pudiera derivarse en relaci\u00f3n con la utilizaci\u00f3n de esta p\u00e1gina web o de los links con otras p\u00e1ginas en ella contenidos.<\/p>\n\n\n\n<p>Tampoco ser\u00e1 responsable ECODUCHA, S.L. en los casos de fallo, error, interrupci\u00f3n, demora en la transmisi\u00f3n, virus inform\u00e1tico, fallo del sistema o l\u00ednea y o cualquier otro de esta \u00edndole que pudiera suceder.<\/p>\n\n\n\n<p>ECODUCHA, S.L. . tampoco se responsabiliza del contenido, exactitud y opiniones expresadas en la p\u00e1gina web o en aquellas otras a las que se accede a trav\u00e9s de links incluidos en \u00e9sta.<\/p>\n\n\n\n<h1 class=\"wp-block-heading\">Propiedad Industrial e Intelectual<\/h1>\n\n\n\n<p>Los logos y\/o marcas ECODUCHA, S.L. se encuentran debidamente registradas, reserv\u00e1ndose ECODUCHA, S.L. el ejercicio de las acciones legales que correspondan en caso de violaci\u00f3n de los Derechos de Propiedad Industrial.<\/p>\n\n\n\n<p>Los Derechos de Propiedad Intelectual de la presente p\u00e1gina, de sus pantallas as\u00ed como de la informaci\u00f3n, textos y material que aparecen en las mismas, as\u00ed como de su disposici\u00f3n, pertenecen a ECODUCHA, S.L. salvo que se indique lo contrario.<\/p>\n\n\n\n<p>ECODUCHA, S.L. proh\u00edbe la copia, duplicaci\u00f3n, redistribuci\u00f3n, comercializaci\u00f3n o cualquier otra actividad que se pueda realizar con los contenidos de su p\u00e1gina web (textos, im\u00e1genes, voces y\/o estructura), salvo consentimiento por escrito de ECODUCHA, S.L.<\/p>\n\n\n\n<h1 class=\"wp-block-heading\">Pol\u00edtica de cookies<\/h1>\n\n\n\n<p>Una cookie es un archivo de texto que se almacena en el ordenador o dispositivo m\u00f3vil mediante un servidor Web y tan solo ese servidor ser\u00e1 capaz de recuperar o leer el contenido de la cookie y permiten al Sitio Web recordar preferencias de navegaci\u00f3n y navegar de manera eficiente. Las cookies hacen la interacci\u00f3n entre el usuario y el sitio Web m\u00e1s r\u00e1pida y f\u00e1cil.<\/p>\n\n\n\n<h3 class=\"wp-block-heading\">Informaci\u00f3n General<\/h3>\n\n\n\n<p>Est\u00e1 p\u00e1gina Web utiliza cookies. Las cookies son peque\u00f1os archivos de texto generados por las p\u00e1ginas web que usted visita, las cuales contienen los datos de sesi\u00f3n que pueden ser de utilidad m\u00e1s adelante en la p\u00e1gina web. De esta forma esta Web recuerda informaci\u00f3n sobre su visita, lo que puede facilitar su pr\u00f3xima visita y hacer que el sitio Web le resulte m\u00e1s \u00fatil.<\/p>\n\n\n\n<h3 class=\"wp-block-heading\">\u00bfC\u00f3mo funcionan las Cookies?<\/h3>\n\n\n\n<p>Las cookies s\u00f3lo pueden almacenar texto, por lo general siempre es an\u00f3nimo y cifrado. No se almacenar\u00e1n informaci\u00f3n personal alguna en una cookie, ni pueden asociarse a persona identificada o identificable. Los datos permiten que esta Web pueda mantener su informaci\u00f3n entre las p\u00e1ginas, y tambi\u00e9n para analizar la forma de interactuar con el sitio Web. Las cookies son seguras ya que s\u00f3lo pueden almacenar la informaci\u00f3n que se puso en su lugar por el navegador, lo que es informaci\u00f3n que el usuario ha introducido en el navegador o la que se incluye en la solicitud de p\u00e1gina. No puede ejecutar el c\u00f3digo y no se puede utilizar para acceder a su ordenador. Si una p\u00e1gina web cifra la informaci\u00f3n de la cookie, s\u00f3lo la p\u00e1gina web puede leer la informaci\u00f3n.<\/p>\n\n\n\n<h3 class=\"wp-block-heading\">\u00bfQu\u00e9 tipos de cookies utilizamos?<\/h3>\n\n\n\n<p>Las cookies que utiliza esta p\u00e1gina Web se pueden distinguir seg\u00fan los siguientes criterios:<\/p>\n\n\n\n<h3 class=\"wp-block-heading\">1. Tipos de cookies seg\u00fan la entidad que las gestiona:<\/h3>\n\n\n\n<p>Seg\u00fan quien sea la entidad que gestione el equipo o dominio desde donde se env\u00edan las cookies y trate los datos que se obtengan, podemos distinguir:<\/p>\n\n\n\n<ul class=\"wp-block-list\">\n<li>Cookies propias : Son aqu\u00e9llas que se env\u00edan al equipo terminal del usuario desde un equipo o dominio gestionado por el propio editor y desde el que se presta el servicio solicitado por el usuario.<\/li>\n\n\n\n<li>Cookies de terceros : Son aqu\u00e9llas que se env\u00edan al equipo terminal del usuario desde un equipo o dominio que no es gestionado por el editor, sino por otra entidad que trata los datos obtenidos trav\u00e9s de las cookies.<\/li>\n<\/ul>\n\n\n\n<p>En el caso de que las cookies sean instaladas desde un equipo o dominio gestionado por el propio editor pero la informaci\u00f3n que se recoja mediante \u00e9stas sea gestionada por un tercero, no pueden ser consideradas como cookies propias.<\/p>\n\n\n\n<h3 class=\"wp-block-heading\">2. Tipos de cookies seg\u00fan el plazo de tiempo que permanecen activadas:<\/h3>\n\n\n\n<p>Seg\u00fan el plazo de tiempo que permanecen activadas en el equipo terminal podemos distinguir:<\/p>\n\n\n\n<ul class=\"wp-block-list\">\n<li>Cookies de sesi\u00f3n : Son un tipo de cookies dise\u00f1adas para recabar y almacenar datos mientras el usuario accede a una p\u00e1gina web. Se suelen emplear para almacenar informaci\u00f3n que solo interesa conservar para la prestaci\u00f3n del servicio solicitado por el usuario en una sola ocasi\u00f3n (p.e. una lista de productos adquiridos).<\/li>\n\n\n\n<li>Cookies persistentes : Son un tipo de cookies en el que los datos siguen almacenados en el terminal y pueden ser accedidos y tratados durante un periodo definido por el responsable de la cookie, y que puede ir de unos minutos a varios a\u00f1os.<\/li>\n<\/ul>\n\n\n\n<h3 class=\"wp-block-heading\">3. Tipos de cookies seg\u00fan su finalidad:<\/h3>\n\n\n\n<p>Seg\u00fan la finalidad para la que se traten los datos obtenidos a trav\u00e9s de las cookies, podemos distinguir entre:<\/p>\n\n\n\n<ul class=\"wp-block-list\">\n<li>Cookies t\u00e9cnicas : Son aqu\u00e9llas que permiten al usuario la navegaci\u00f3n a trav\u00e9s de una p\u00e1gina web, plataforma o aplicaci\u00f3n y la utilizaci\u00f3n de las diferentes opciones o servicios que en ella existan como, por ejemplo, controlar el tr\u00e1fico y la comunicaci\u00f3n de datos, identificar la sesi\u00f3n, acceder a partes de acceso restringido, recordar los elementos que integran un pedido, realizar el proceso de compra de un pedido, realizar la solicitud de inscripci\u00f3n o participaci\u00f3n en un evento, utilizar elementos de seguridad durante la navegaci\u00f3n, almacenar contenidos para la difusi\u00f3n de v\u00eddeos o sonido o compartir contenidos a trav\u00e9s de redes sociales.<\/li>\n\n\n\n<li>Cookies de personalizaci\u00f3n: Son aqu\u00e9llas que permiten al usuario acceder al servicio con algunas caracter\u00edsticas de car\u00e1cter general predefinidas en funci\u00f3n de una serie de criterios en el terminal del usuario como por ejemplo serian el idioma, el tipo de navegador a trav\u00e9s del cual accede al servicio, la configuraci\u00f3n regional desde donde accede al servicio, etc.<\/li>\n\n\n\n<li>Cookies de an\u00e1lisis: Son aqu\u00e9llas que permiten al responsable de las mismas, el seguimiento y an\u00e1lisis del comportamiento de los usuarios de los sitios web a los que est\u00e1n vinculadas. La informaci\u00f3n recogida mediante este tipo de cookies se utiliza en la medici\u00f3n de la actividad de los sitios web, aplicaci\u00f3n o plataforma y para la elaboraci\u00f3n de perfiles de navegaci\u00f3n de los usuarios de dichos sitios, aplicaciones y plataformas, con el fin de introducir mejoras en funci\u00f3n del an\u00e1lisis de los datos de uso que hacen los usuarios del servicio.<\/li>\n<\/ul>\n\n\n\n<h3 class=\"wp-block-heading\">Herramienta de Gesti\u00f3n de las Cookies<\/h3>\n\n\n\n<p>Est\u00e1 p\u00e1gina Web utiliza Google Analytics.<\/p>\n\n\n\n<p>Google Analytics es una herramienta gratuita de an\u00e1lisis web de Google que principalmente permite que los propietarios de sitios web conozcan c\u00f3mo interact\u00faan los usuarios con su sitio web. Asimismo, habilita cookies en el dominio del sitio en el que te encuentras y utiliza un conjunto de cookies para recopilar informaci\u00f3n de&nbsp;<strong>forma an\u00f3nima<\/strong>&nbsp;y elaborar informes de tendencias de sitios web&nbsp;<strong>sin identificar a usuarios individuales<\/strong>.<\/p>\n\n\n\n<p>Para realizar las estad\u00edsticas de uso de esta Web utilizamos las cookies con la finalidad de conocer el nivel de recurrencia de nuestros visitantes y los contenidos que resultan m\u00e1s interesantes. De esta manera podemos concentrar nuestros esfuerzos en mejorar las \u00e1reas m\u00e1s visitadas y hacer que el usuario encuentre m\u00e1s f\u00e1cilmente lo que busca. En esta Web puede utilizarse la informaci\u00f3n de su visita para realizar evaluaciones y c\u00e1lculos estad\u00edsticos sobre datos an\u00f3nimos, as\u00ed como para garantizar la continuidad del servicio o para realizar mejoras en sus sitios Web. Para m\u00e1s detalles, consulte en el siguiente enlace la pol\u00edtica de privacidad [<a href=\"http:\/\/www.google.com\/intl\/es\/policies\/privacy\/\" target=\"_blank\" rel=\"noreferrer noopener\">http:\/\/www.google.com\/intl\/es\/policies\/privacy\/<\/a>]<\/p>\n\n\n\n<h3 class=\"wp-block-heading\">C\u00f3mo gestionar las Cookies en su equipo: la desactivaci\u00f3n y eliminaci\u00f3n de las cookies<\/h3>\n\n\n\n<p>Todos los navegadores de Internet le permiten limitar el comportamiento de una cookie o desactivar las cookies dentro de la configuraci\u00f3n o las opciones del navegador. Los pasos para hacerlo son diferentes para cada navegador, se pueden encontrar instrucciones en el men\u00fa de ayuda de su navegador.<\/p>\n\n\n\n<p>Si no acepta el uso de las cookies, ya que es posible gracias a los men\u00fas de preferencias o ajustes de su navegador, rechazarlas, este sitio Web seguir\u00e1 funcionando adecuadamente sin el uso de las mismas. Puede usted permitir, bloquear o eliminar las cookies instaladas en su equipo mediante la configuraci\u00f3n de las opciones del navegador instalado en su ordenador:<\/p>\n\n\n\n<ul class=\"wp-block-list\">\n<li>Para m\u00e1s informaci\u00f3n sobre\u00a0<strong>Internet Explorer<\/strong>\u00a0<a href=\"http:\/\/windows.microsoft.com\/es-es\/windows7\/how-to-manage-cookies-in-internet-explorer-9\" target=\"_blank\" rel=\"noreferrer noopener\">pulse aqu\u00ed<\/a>\u00a0o como bloquear, habilitar o permitir las cookies\u00a0<a href=\"http:\/\/windows.microsoft.com\/es-es\/windows7\/how-to-manage-cookies-in-internet-explorer-9\" target=\"_blank\" rel=\"noreferrer noopener\">pulse aqu\u00ed<\/a>.<\/li>\n\n\n\n<li>Para m\u00e1s informaci\u00f3n sobre\u00a0<strong>Chrome<\/strong>\u00a0<a href=\"https:\/\/support.google.com\/chrome\/answer\/95647?hl=es\" target=\"_blank\" rel=\"noreferrer noopener\">pulse aqu\u00ed<\/a>.<\/li>\n\n\n\n<li>Para m\u00e1s informaci\u00f3n sobre\u00a0<strong>Safari<\/strong>\u00a0<a href=\"http:\/\/support.apple.com\/kb\/HT1677?viewlocale=es_ES&amp;locale=es_ES\" target=\"_blank\" rel=\"noreferrer noopener\">pulse aqu\u00ed<\/a>.<\/li>\n\n\n\n<li>Para m\u00e1s informaci\u00f3n sobre\u00a0<strong>Firefox<\/strong>\u00a0<a href=\"http:\/\/support.mozilla.org\/es\/kb\/habilitar-y-deshabilitar-cookies-que-los-sitios-we\" target=\"_blank\" rel=\"noreferrer noopener\">pulse aqu\u00ed<\/a>.<\/li>\n<\/ul>\n\n\n\n<p>A trav\u00e9s de su navegador, usted tambi\u00e9n puede ver las cookies que est\u00e1n en su ordenador, y borrarlas seg\u00fan crea conveniente. Las cookies son archivos de texto, los puede abrir y leer el contenido. Los datos dentro de ellos casi siempre est\u00e1 cifrado con una clave num\u00e9rica que corresponde a una sesi\u00f3n en Internet por lo que muchas veces no tiene sentido m\u00e1s all\u00e1 que la p\u00e1gina web que lo escribi\u00f3.<\/p>\n\n\n\n<h3 class=\"wp-block-heading\">Consentimiento informado<\/h3>\n\n\n\n<p>La utilizaci\u00f3n de la presente p\u00e1gina Web por su parte, implica que&nbsp;<strong>Vd. presta su consentimiento expreso e inequ\u00edvoco a la utilizaci\u00f3n de cookies, en los t\u00e9rminos y condiciones previstos en esta Pol\u00edtica de Cookies<\/strong>, sin perjuicio de las medidas de desactivaci\u00f3n y eliminaci\u00f3n de las cookies que Vd. pueda adoptar, y que se mencionan en el apartado anterior.<\/p>\n","protected":false},"excerpt":{"rendered":"<p>Normas de utilizaci\u00f3n y responsabilidad ECODUCHA, S.L. ofrece en su p\u00e1gina web informaci\u00f3n relacionada con el tipo de productos y\/o servicios que realiza, debiendo ser considerada la misma a modo de introducci\u00f3n. ECODUCHA, S.L. se reserva el derecho a actualizar, modificar o eliminar la informaci\u00f3n contenida en su p\u00e1gina web de forma unilateral, en cualquier [&hellip;]<\/p>\n","protected":false},"author":1,"featured_media":0,"parent":0,"menu_order":0,"comment_status":"closed","ping_status":"open","template":"","meta":{"footnotes":""},"class_list":["post-3","page","type-page","status-publish","hentry"],"yoast_head":"<!-- This site is optimized with the Yoast SEO plugin v27.4 - https:\/\/yoast.com\/product\/yoast-seo-wordpress\/ -->\n<title>Pol\u00edtica de Privacidad | Ecoducha Castell\u00f3n<\/title>\n<meta name=\"description\" content=\"Pol\u00edticas de Privacidad de Ecoducha Castell\u00f3n.\" \/>\n<meta name=\"robots\" content=\"index, follow, max-snippet:-1, max-image-preview:large, max-video-preview:-1\" \/>\n<link rel=\"canonical\" href=\"https:\/\/ecoduchacastellon.net\/index.php\/privacy-policy\/\" \/>\n<meta property=\"og:locale\" content=\"es_ES\" \/>\n<meta property=\"og:type\" content=\"article\" \/>\n<meta property=\"og:title\" content=\"Pol\u00edtica de Privacidad | Ecoducha Castell\u00f3n\" \/>\n<meta property=\"og:description\" content=\"Pol\u00edticas de Privacidad de Ecoducha Castell\u00f3n.\" \/>\n<meta property=\"og:url\" content=\"https:\/\/ecoduchacastellon.net\/index.php\/privacy-policy\/\" \/>\n<meta property=\"og:site_name\" content=\"Ecoducha Castell\u00f3n\" \/>\n<meta property=\"article:modified_time\" content=\"2025-04-24T14:37:17+00:00\" \/>\n<meta name=\"twitter:card\" content=\"summary_large_image\" \/>\n<meta name=\"twitter:label1\" content=\"Tiempo de lectura\" \/>\n\t<meta name=\"twitter:data1\" content=\"8 minutos\" \/>\n<script type=\"application\/ld+json\" class=\"yoast-schema-graph\">{\"@context\":\"https:\\\/\\\/schema.org\",\"@graph\":[{\"@type\":\"WebPage\",\"@id\":\"https:\\\/\\\/ecoduchacastellon.net\\\/index.php\\\/privacy-policy\\\/\",\"url\":\"https:\\\/\\\/ecoduchacastellon.net\\\/index.php\\\/privacy-policy\\\/\",\"name\":\"Pol\u00edtica de Privacidad | Ecoducha Castell\u00f3n\",\"isPartOf\":{\"@id\":\"https:\\\/\\\/ecoduchacastellon.net\\\/#website\"},\"datePublished\":\"2025-03-18T14:28:17+00:00\",\"dateModified\":\"2025-04-24T14:37:17+00:00\",\"description\":\"Pol\u00edticas de Privacidad de Ecoducha Castell\u00f3n.\",\"breadcrumb\":{\"@id\":\"https:\\\/\\\/ecoduchacastellon.net\\\/index.php\\\/privacy-policy\\\/#breadcrumb\"},\"inLanguage\":\"es\",\"potentialAction\":[{\"@type\":\"ReadAction\",\"target\":[\"https:\\\/\\\/ecoduchacastellon.net\\\/index.php\\\/privacy-policy\\\/\"]}]},{\"@type\":\"BreadcrumbList\",\"@id\":\"https:\\\/\\\/ecoduchacastellon.net\\\/index.php\\\/privacy-policy\\\/#breadcrumb\",\"itemListElement\":[{\"@type\":\"ListItem\",\"position\":1,\"name\":\"Portada\",\"item\":\"https:\\\/\\\/ecoduchacastellon.net\\\/\"},{\"@type\":\"ListItem\",\"position\":2,\"name\":\"Pol\u00edtica de Privacidad\"}]},{\"@type\":\"WebSite\",\"@id\":\"https:\\\/\\\/ecoduchacastellon.net\\\/#website\",\"url\":\"https:\\\/\\\/ecoduchacastellon.net\\\/\",\"name\":\"Ecoducha Castell\u00f3n\",\"description\":\"\",\"potentialAction\":[{\"@type\":\"SearchAction\",\"target\":{\"@type\":\"EntryPoint\",\"urlTemplate\":\"https:\\\/\\\/ecoduchacastellon.net\\\/?s={search_term_string}\"},\"query-input\":{\"@type\":\"PropertyValueSpecification\",\"valueRequired\":true,\"valueName\":\"search_term_string\"}}],\"inLanguage\":\"es\"}]}<\/script>\n<!-- \/ Yoast SEO plugin. -->","yoast_head_json":{"title":"Pol\u00edtica de Privacidad | Ecoducha Castell\u00f3n","description":"Pol\u00edticas de Privacidad de Ecoducha Castell\u00f3n.","robots":{"index":"index","follow":"follow","max-snippet":"max-snippet:-1","max-image-preview":"max-image-preview:large","max-video-preview":"max-video-preview:-1"},"canonical":"https:\/\/ecoduchacastellon.net\/index.php\/privacy-policy\/","og_locale":"es_ES","og_type":"article","og_title":"Pol\u00edtica de Privacidad | Ecoducha Castell\u00f3n","og_description":"Pol\u00edticas de Privacidad de Ecoducha Castell\u00f3n.","og_url":"https:\/\/ecoduchacastellon.net\/index.php\/privacy-policy\/","og_site_name":"Ecoducha Castell\u00f3n","article_modified_time":"2025-04-24T14:37:17+00:00","twitter_card":"summary_large_image","twitter_misc":{"Tiempo de lectura":"8 minutos"},"schema":{"@context":"https:\/\/schema.org","@graph":[{"@type":"WebPage","@id":"https:\/\/ecoduchacastellon.net\/index.php\/privacy-policy\/","url":"https:\/\/ecoduchacastellon.net\/index.php\/privacy-policy\/","name":"Pol\u00edtica de Privacidad | Ecoducha Castell\u00f3n","isPartOf":{"@id":"https:\/\/ecoduchacastellon.net\/#website"},"datePublished":"2025-03-18T14:28:17+00:00","dateModified":"2025-04-24T14:37:17+00:00","description":"Pol\u00edticas de Privacidad de Ecoducha Castell\u00f3n.","breadcrumb":{"@id":"https:\/\/ecoduchacastellon.net\/index.php\/privacy-policy\/#breadcrumb"},"inLanguage":"es","potentialAction":[{"@type":"ReadAction","target":["https:\/\/ecoduchacastellon.net\/index.php\/privacy-policy\/"]}]},{"@type":"BreadcrumbList","@id":"https:\/\/ecoduchacastellon.net\/index.php\/privacy-policy\/#breadcrumb","itemListElement":[{"@type":"ListItem","position":1,"name":"Portada","item":"https:\/\/ecoduchacastellon.net\/"},{"@type":"ListItem","position":2,"name":"Pol\u00edtica de Privacidad"}]},{"@type":"WebSite","@id":"https:\/\/ecoduchacastellon.net\/#website","url":"https:\/\/ecoduchacastellon.net\/","name":"Ecoducha Castell\u00f3n","description":"","potentialAction":[{"@type":"SearchAction","target":{"@type":"EntryPoint","urlTemplate":"https:\/\/ecoduchacastellon.net\/?s={search_term_string}"},"query-input":{"@type":"PropertyValueSpecification","valueRequired":true,"valueName":"search_term_string"}}],"inLanguage":"es"}]}},"_links":{"self":[{"href":"https:\/\/ecoduchacastellon.net\/index.php\/wp-json\/wp\/v2\/pages\/3","targetHints":{"allow":["GET"]}}],"collection":[{"href":"https:\/\/ecoduchacastellon.net\/index.php\/wp-json\/wp\/v2\/pages"}],"about":[{"href":"https:\/\/ecoduchacastellon.net\/index.php\/wp-json\/wp\/v2\/types\/page"}],"author":[{"embeddable":true,"href":"https:\/\/ecoduchacastellon.net\/index.php\/wp-json\/wp\/v2\/users\/1"}],"replies":[{"embeddable":true,"href":"https:\/\/ecoduchacastellon.net\/index.php\/wp-json\/wp\/v2\/comments?post=3"}],"version-history":[{"count":1,"href":"https:\/\/ecoduchacastellon.net\/index.php\/wp-json\/wp\/v2\/pages\/3\/revisions"}],"predecessor-version":[{"id":614,"href":"https:\/\/ecoduchacastellon.net\/index.php\/wp-json\/wp\/v2\/pages\/3\/revisions\/614"}],"wp:attachment":[{"href":"https:\/\/ecoduchacastellon.net\/index.php\/wp-json\/wp\/v2\/media?parent=3"}],"curies":[{"name":"wp","href":"https:\/\/api.w.org\/{rel}","templated":true}]}}